{"id":2556,"date":"2026-04-20T19:30:43","date_gmt":"2026-04-20T17:30:43","guid":{"rendered":"https:\/\/tanzosport.es\/?post_type=product&#038;p=2556"},"modified":"2026-04-20T19:30:44","modified_gmt":"2026-04-20T17:30:44","slug":"protector-de-suelo-18-baldosas-18-bordes","status":"publish","type":"product","link":"https:\/\/www.tanzosport.es\/?product=protector-de-suelo-18-baldosas-18-bordes","title":{"rendered":"Protector de Suelo &#8211; 18 baldosas + 18 bordes"},"content":{"rendered":"<p style=\"font-weight: 400;\">Con la alfombra de protecci\u00f3n de suelo de GORILLA SPORTS\u00ae, creas la base ideal para tu entrenamiento. Esta alfombra fitness de alta calidad no solo protege tu suelo, sino que tambi\u00e9n proporciona una superficie estable y antideslizante para tus ejercicios. Ya sea como base para tus m\u00e1quinas de entrenamiento o como alfombra tipo puzzle, se adapta perfectamente a tus necesidades. Con su dise\u00f1o moderno y materiales duraderos, es el complemento perfecto para cualquier gimnasio en casa o centro fitness.<\/p>\n<p style=\"font-weight: 400;\">Nuestra esterilla deportiva te ofrece m\u00e1xima flexibilidad y protecci\u00f3n. Tanto si practicas halterofilia, yoga o utilizas m\u00e1quinas de musculaci\u00f3n, esta alfombra garantiza que tu suelo se mantenga impecable mientras t\u00fa te concentras al 100\u202f% en tu entrenamiento. Su montaje es sencillo y r\u00e1pido, y se guarda con facilidad.<\/p>\n<h3>Detalles t\u00e9cnicos:<\/h3>\n<ul style=\"font-weight: 400;\">\n<li>Dimensiones:\n<ul>\n<li>El juego incluye: 18 alfombrillas y 18 bordes (varias configuraciones posibles, como 3&#215;3, 3&#215;4, 3&#215;5, 3&#215;6; 4&#215;4)<\/li>\n<li>Cada alfombrilla (L x An x Al): 30 x 30 x 1 cm o 31 x 31 x 1 cm, incluidos los bordes<\/li>\n<li>Dimensiones de los bordes: 1 x 1 cm<\/li>\n<\/ul>\n<\/li>\n<li>Caracter\u00edsticas especiales:\n<ul>\n<li>Dise\u00f1o entrelazado con parte superior en forma de cruz y parte inferior plana<\/li>\n<li>Para gimnasios dom\u00e9sticos, \u00e1reas de juego infantiles, talleres, garajes, exposiciones<\/li>\n<li>F\u00e1cil de instalar y mantener<\/li>\n<li>Proporciona un atractivo est\u00e9tico<\/li>\n<\/ul>\n<\/li>\n<li>Material: espuma resistente<\/li>\n<li>Total del juego: aprox. 2,7 kg<\/li>\n<li>Colores disponibles: negro, gris, madera clara, madera oscura<\/li>\n<\/ul>\n","protected":false},"excerpt":{"rendered":"<ul>\n<li>Alfombra protectora para gimnasios en casa<\/li>\n<li>18 baldosas y 18 bordes para diversas configuraciones<\/li>\n<li>Material de espuma resistente<\/li>\n<li>Disponible en varios colores<\/li>\n<\/ul>\n","protected":false},"featured_media":2558,"comment_status":"open","ping_status":"closed","template":"","meta":[],"product_brand":[],"product_cat":[66],"product_tag":[53,69],"class_list":{"0":"post-2556","1":"product","2":"type-product","3":"status-publish","4":"has-post-thumbnail","6":"product_cat-accesorios","7":"product_tag-accesorios","8":"product_tag-protector","10":"first","11":"instock","12":"taxable","13":"shipping-taxable","14":"purchasable","15":"product-type-simple"},"yoast_head":"<!-- This site is optimized with the Yoast SEO plugin v27.4 - https:\/\/yoast.com\/product\/yoast-seo-wordpress\/ -->\n<title>Protector de Suelo - 18 baldosas + 18 bordes - Tanzo Sport<\/title>\n<meta name=\"robots\" content=\"index, follow, max-snippet:-1, max-image-preview:large, max-video-preview:-1\" \/>\n<link rel=\"canonical\" href=\"https:\/\/tanzosport.es\/?product=protector-de-suelo-18-baldosas-18-bordes\" \/>\n<meta property=\"og:locale\" content=\"es_ES\" \/>\n<meta property=\"og:type\" content=\"article\" \/>\n<meta property=\"og:title\" content=\"Protector de Suelo - 18 baldosas + 18 bordes - Tanzo Sport\" \/>\n<meta property=\"og:description\" content=\"Alfombra protectora para gimnasios en casa  18 baldosas y 18 bordes para diversas configuraciones  Material de espuma resistente  Disponible en varios colores\" \/>\n<meta property=\"og:url\" content=\"https:\/\/tanzosport.es\/?product=protector-de-suelo-18-baldosas-18-bordes\" \/>\n<meta property=\"og:site_name\" content=\"Tanzo Sport\" \/>\n<meta property=\"article:modified_time\" content=\"2026-04-20T17:30:44+00:00\" \/>\n<meta property=\"og:image\" content=\"https:\/\/tanzosport.es\/wp-content\/uploads\/2026\/04\/suelo-protector.webp\" \/>\n\t<meta property=\"og:image:width\" content=\"600\" \/>\n\t<meta property=\"og:image:height\" content=\"600\" \/>\n\t<meta property=\"og:image:type\" content=\"image\/webp\" \/>\n<meta name=\"twitter:card\" content=\"summary_large_image\" \/>\n<meta name=\"twitter:label1\" content=\"Tiempo de lectura\" \/>\n\t<meta name=\"twitter:data1\" content=\"2 minutos\" \/>\n<script type=\"application\/ld+json\" class=\"yoast-schema-graph\">{\"@context\":\"https:\\\/\\\/schema.org\",\"@graph\":[{\"@type\":\"WebPage\",\"@id\":\"https:\\\/\\\/tanzosport.es\\\/?product=protector-de-suelo-18-baldosas-18-bordes\",\"url\":\"https:\\\/\\\/tanzosport.es\\\/?product=protector-de-suelo-18-baldosas-18-bordes\",\"name\":\"Protector de Suelo - 18 baldosas + 18 bordes - Tanzo Sport\",\"isPartOf\":{\"@id\":\"https:\\\/\\\/tanzosport.es\\\/#website\"},\"primaryImageOfPage\":{\"@id\":\"https:\\\/\\\/tanzosport.es\\\/?product=protector-de-suelo-18-baldosas-18-bordes#primaryimage\"},\"image\":{\"@id\":\"https:\\\/\\\/tanzosport.es\\\/?product=protector-de-suelo-18-baldosas-18-bordes#primaryimage\"},\"thumbnailUrl\":\"https:\\\/\\\/www.tanzosport.es\\\/wp-content\\\/uploads\\\/2026\\\/04\\\/suelo-protector.webp\",\"datePublished\":\"2026-04-20T17:30:43+00:00\",\"dateModified\":\"2026-04-20T17:30:44+00:00\",\"breadcrumb\":{\"@id\":\"https:\\\/\\\/tanzosport.es\\\/?product=protector-de-suelo-18-baldosas-18-bordes#breadcrumb\"},\"inLanguage\":\"es\",\"potentialAction\":[{\"@type\":\"ReadAction\",\"target\":[\"https:\\\/\\\/tanzosport.es\\\/?product=protector-de-suelo-18-baldosas-18-bordes\"]}]},{\"@type\":\"ImageObject\",\"inLanguage\":\"es\",\"@id\":\"https:\\\/\\\/tanzosport.es\\\/?product=protector-de-suelo-18-baldosas-18-bordes#primaryimage\",\"url\":\"https:\\\/\\\/www.tanzosport.es\\\/wp-content\\\/uploads\\\/2026\\\/04\\\/suelo-protector.webp\",\"contentUrl\":\"https:\\\/\\\/www.tanzosport.es\\\/wp-content\\\/uploads\\\/2026\\\/04\\\/suelo-protector.webp\",\"width\":600,\"height\":600},{\"@type\":\"BreadcrumbList\",\"@id\":\"https:\\\/\\\/tanzosport.es\\\/?product=protector-de-suelo-18-baldosas-18-bordes#breadcrumb\",\"itemListElement\":[{\"@type\":\"ListItem\",\"position\":1,\"name\":\"Portada\",\"item\":\"https:\\\/\\\/tanzosport.es\\\/\"},{\"@type\":\"ListItem\",\"position\":2,\"name\":\"Tienda\",\"item\":\"https:\\\/\\\/tanzosport.es\\\/?page_id=920\"},{\"@type\":\"ListItem\",\"position\":3,\"name\":\"Protector de Suelo &#8211; 18 baldosas + 18 bordes\"}]},{\"@type\":\"WebSite\",\"@id\":\"https:\\\/\\\/tanzosport.es\\\/#website\",\"url\":\"https:\\\/\\\/tanzosport.es\\\/\",\"name\":\"Tanzo Sport\",\"description\":\"By Young\",\"publisher\":{\"@id\":\"https:\\\/\\\/tanzosport.es\\\/#organization\"},\"potentialAction\":[{\"@type\":\"SearchAction\",\"target\":{\"@type\":\"EntryPoint\",\"urlTemplate\":\"https:\\\/\\\/tanzosport.es\\\/?s={search_term_string}\"},\"query-input\":{\"@type\":\"PropertyValueSpecification\",\"valueRequired\":true,\"valueName\":\"search_term_string\"}}],\"inLanguage\":\"es\"},{\"@type\":\"Organization\",\"@id\":\"https:\\\/\\\/tanzosport.es\\\/#organization\",\"name\":\"Tanzo Sport\",\"url\":\"https:\\\/\\\/tanzosport.es\\\/\",\"logo\":{\"@type\":\"ImageObject\",\"inLanguage\":\"es\",\"@id\":\"https:\\\/\\\/tanzosport.es\\\/#\\\/schema\\\/logo\\\/image\\\/\",\"url\":\"https:\\\/\\\/www.tanzosport.es\\\/wp-content\\\/uploads\\\/2026\\\/01\\\/logo-sport-edited.png\",\"contentUrl\":\"https:\\\/\\\/www.tanzosport.es\\\/wp-content\\\/uploads\\\/2026\\\/01\\\/logo-sport-edited.png\",\"width\":648,\"height\":365,\"caption\":\"Tanzo Sport\"},\"image\":{\"@id\":\"https:\\\/\\\/tanzosport.es\\\/#\\\/schema\\\/logo\\\/image\\\/\"}}]}<\/script>\n<!-- \/ Yoast SEO plugin. -->","yoast_head_json":{"title":"Protector de Suelo - 18 baldosas + 18 bordes - Tanzo Sport","robots":{"index":"index","follow":"follow","max-snippet":"max-snippet:-1","max-image-preview":"max-image-preview:large","max-video-preview":"max-video-preview:-1"},"canonical":"https:\/\/tanzosport.es\/?product=protector-de-suelo-18-baldosas-18-bordes","og_locale":"es_ES","og_type":"article","og_title":"Protector de Suelo - 18 baldosas + 18 bordes - Tanzo Sport","og_description":"Alfombra protectora para gimnasios en casa  18 baldosas y 18 bordes para diversas configuraciones  Material de espuma resistente  Disponible en varios colores","og_url":"https:\/\/tanzosport.es\/?product=protector-de-suelo-18-baldosas-18-bordes","og_site_name":"Tanzo Sport","article_modified_time":"2026-04-20T17:30:44+00:00","og_image":[{"width":600,"height":600,"url":"https:\/\/tanzosport.es\/wp-content\/uploads\/2026\/04\/suelo-protector.webp","type":"image\/webp"}],"twitter_card":"summary_large_image","twitter_misc":{"Tiempo de lectura":"2 minutos"},"schema":{"@context":"https:\/\/schema.org","@graph":[{"@type":"WebPage","@id":"https:\/\/tanzosport.es\/?product=protector-de-suelo-18-baldosas-18-bordes","url":"https:\/\/tanzosport.es\/?product=protector-de-suelo-18-baldosas-18-bordes","name":"Protector de Suelo - 18 baldosas + 18 bordes - Tanzo Sport","isPartOf":{"@id":"https:\/\/tanzosport.es\/#website"},"primaryImageOfPage":{"@id":"https:\/\/tanzosport.es\/?product=protector-de-suelo-18-baldosas-18-bordes#primaryimage"},"image":{"@id":"https:\/\/tanzosport.es\/?product=protector-de-suelo-18-baldosas-18-bordes#primaryimage"},"thumbnailUrl":"https:\/\/www.tanzosport.es\/wp-content\/uploads\/2026\/04\/suelo-protector.webp","datePublished":"2026-04-20T17:30:43+00:00","dateModified":"2026-04-20T17:30:44+00:00","breadcrumb":{"@id":"https:\/\/tanzosport.es\/?product=protector-de-suelo-18-baldosas-18-bordes#breadcrumb"},"inLanguage":"es","potentialAction":[{"@type":"ReadAction","target":["https:\/\/tanzosport.es\/?product=protector-de-suelo-18-baldosas-18-bordes"]}]},{"@type":"ImageObject","inLanguage":"es","@id":"https:\/\/tanzosport.es\/?product=protector-de-suelo-18-baldosas-18-bordes#primaryimage","url":"https:\/\/www.tanzosport.es\/wp-content\/uploads\/2026\/04\/suelo-protector.webp","contentUrl":"https:\/\/www.tanzosport.es\/wp-content\/uploads\/2026\/04\/suelo-protector.webp","width":600,"height":600},{"@type":"BreadcrumbList","@id":"https:\/\/tanzosport.es\/?product=protector-de-suelo-18-baldosas-18-bordes#breadcrumb","itemListElement":[{"@type":"ListItem","position":1,"name":"Portada","item":"https:\/\/tanzosport.es\/"},{"@type":"ListItem","position":2,"name":"Tienda","item":"https:\/\/tanzosport.es\/?page_id=920"},{"@type":"ListItem","position":3,"name":"Protector de Suelo &#8211; 18 baldosas + 18 bordes"}]},{"@type":"WebSite","@id":"https:\/\/tanzosport.es\/#website","url":"https:\/\/tanzosport.es\/","name":"Tanzo Sport","description":"By Young","publisher":{"@id":"https:\/\/tanzosport.es\/#organization"},"potentialAction":[{"@type":"SearchAction","target":{"@type":"EntryPoint","urlTemplate":"https:\/\/tanzosport.es\/?s={search_term_string}"},"query-input":{"@type":"PropertyValueSpecification","valueRequired":true,"valueName":"search_term_string"}}],"inLanguage":"es"},{"@type":"Organization","@id":"https:\/\/tanzosport.es\/#organization","name":"Tanzo Sport","url":"https:\/\/tanzosport.es\/","logo":{"@type":"ImageObject","inLanguage":"es","@id":"https:\/\/tanzosport.es\/#\/schema\/logo\/image\/","url":"https:\/\/www.tanzosport.es\/wp-content\/uploads\/2026\/01\/logo-sport-edited.png","contentUrl":"https:\/\/www.tanzosport.es\/wp-content\/uploads\/2026\/01\/logo-sport-edited.png","width":648,"height":365,"caption":"Tanzo Sport"},"image":{"@id":"https:\/\/tanzosport.es\/#\/schema\/logo\/image\/"}}]}},"_links":{"self":[{"href":"https:\/\/www.tanzosport.es\/index.php?rest_route=\/wp\/v2\/product\/2556","targetHints":{"allow":["GET"]}}],"collection":[{"href":"https:\/\/www.tanzosport.es\/index.php?rest_route=\/wp\/v2\/product"}],"about":[{"href":"https:\/\/www.tanzosport.es\/index.php?rest_route=\/wp\/v2\/types\/product"}],"replies":[{"embeddable":true,"href":"https:\/\/www.tanzosport.es\/index.php?rest_route=%2Fwp%2Fv2%2Fcomments&post=2556"}],"version-history":[{"count":1,"href":"https:\/\/www.tanzosport.es\/index.php?rest_route=\/wp\/v2\/product\/2556\/revisions"}],"predecessor-version":[{"id":2559,"href":"https:\/\/www.tanzosport.es\/index.php?rest_route=\/wp\/v2\/product\/2556\/revisions\/2559"}],"wp:featuredmedia":[{"embeddable":true,"href":"https:\/\/www.tanzosport.es\/index.php?rest_route=\/wp\/v2\/media\/2558"}],"wp:attachment":[{"href":"https:\/\/www.tanzosport.es\/index.php?rest_route=%2Fwp%2Fv2%2Fmedia&parent=2556"}],"wp:term":[{"taxonomy":"product_brand","embeddable":true,"href":"https:\/\/www.tanzosport.es\/index.php?rest_route=%2Fwp%2Fv2%2Fproduct_brand&post=2556"},{"taxonomy":"product_cat","embeddable":true,"href":"https:\/\/www.tanzosport.es\/index.php?rest_route=%2Fwp%2Fv2%2Fproduct_cat&post=2556"},{"taxonomy":"product_tag","embeddable":true,"href":"https:\/\/www.tanzosport.es\/index.php?rest_route=%2Fwp%2Fv2%2Fproduct_tag&post=2556"}],"curies":[{"name":"wp","href":"https:\/\/api.w.org\/{rel}","templated":true}]}}