{"id":1231,"date":"2026-03-03T08:59:38","date_gmt":"2026-03-03T07:59:38","guid":{"rendered":"https:\/\/tanzosport.es\/?page_id=1231"},"modified":"2026-03-19T16:33:16","modified_gmt":"2026-03-19T15:33:16","slug":"faqs","status":"publish","type":"page","link":"https:\/\/www.tanzosport.es\/?page_id=1231","title":{"rendered":"FAQS"},"content":{"rendered":"\t\t<div data-elementor-type=\"wp-page\" data-elementor-id=\"1231\" class=\"elementor elementor-1231\">\n\t\t\t\t<div class=\"elementor-element elementor-element-6128d0d0 e-flex e-con-boxed e-con e-parent\" data-id=\"6128d0d0\" data-element_type=\"container\" data-e-type=\"container\">\n\t\t\t\t\t<div class=\"e-con-inner\">\n\t\t\t\t<div class=\"elementor-element elementor-element-52223e53 elementor-widget elementor-widget-text-editor\" data-id=\"52223e53\" data-element_type=\"widget\" data-e-type=\"widget\" data-widget_type=\"text-editor.default\">\n\t\t\t\t\t\t\t\t\t\n<p class=\"has-exo-2-font-family has-x-large-font-size\">Preguntas Frecuentes (FAQ)<\/p>\n\n<div class=\"wp-block-spacer\" style=\"height: 43px;\" aria-hidden=\"true\">\u00a0<\/div>\n<details class=\"wp-block-details is-layout-flow wp-block-details-is-layout-flow\">\n<summary><strong>\u00bfEl equipamiento es original y de marcas reconocidas?<\/strong><\/summary>\n\n<p>Por supuesto. Trabajamos \u00fanicamente con marcas oficiales y proveedores autorizados, garantizando productos originales y certificados.<\/p>\n\n<p>\u00a0<\/p>\n<\/details>\n<div class=\"wp-block-spacer\" style=\"height: 22px;\" aria-hidden=\"true\">\u00a0<\/div>\n<details class=\"wp-block-details is-layout-flow wp-block-details-is-layout-flow\">\n<summary><strong>\u00bfEs seguro comprar en su web?<\/strong><\/summary>\n\n<p>Absolutamente. Nuestra tienda online utiliza sistemas de pago seguros y cifrado SSL para proteger todos sus datos. Hay opci\u00f3n de pagar contra reembolso, pagas cuando tienes el producto.<\/p>\n<\/details>\n<div class=\"wp-block-spacer\" style=\"height: 22px;\" aria-hidden=\"true\">\u00a0<\/div>\n<details class=\"wp-block-details is-layout-flow wp-block-details-is-layout-flow\">\n<summary><strong>\u00bfPuedo confiar en que la m\u00e1quina soportar\u00e1 mi peso y mi carga de trabajo?<\/strong><\/summary>\n\n<p>En cada ficha de producto especificamos el peso m\u00e1ximo soportado y las recomendaciones de uso para asegurar un entrenamiento seguro.<\/p>\n<\/details>\n<div class=\"wp-block-spacer\" style=\"height: 22px;\" aria-hidden=\"true\">\u00a0<\/div>\n<details class=\"wp-block-details is-layout-flow wp-block-details-is-layout-flow\">\n<summary><strong>\u00bfTiene tienda f\u00edsica o s\u00f3lo en l\u00ednea?<\/strong><\/summary>\n\n<p>Disponemos de venta online y, en su caso, indicamos claramente cualquier punto f\u00edsico o showroom disponible.<\/p>\n<\/details>\n<div class=\"wp-block-spacer\" style=\"height: 22px;\" aria-hidden=\"true\">\u00a0<\/div>\n<details class=\"wp-block-details is-layout-flow wp-block-details-is-layout-flow\">\n<summary><strong>\u00bfPuedo solicitar factura oficial de mi compra?<\/strong><\/summary>\n\n<p>S\u00ed, hacemos facturas para particulares, aut\u00f3nomos y empresas.<\/p>\n<\/details>\n<div class=\"wp-block-spacer\" style=\"height: 22px;\" aria-hidden=\"true\">\u00a0<\/div>\n<details class=\"wp-block-details is-layout-flow wp-block-details-is-layout-flow\">\n<summary><strong>\u00bfLas m\u00e1quinas incluyen instrucciones de montaje?<\/strong><\/summary>\n\n<p>S\u00ed. Todos los equipos que requieren montaje incluyen manual detallado y, en algunos casos, soporte adicional si es necesario.<\/p>\n<\/details>\n<div class=\"wp-block-spacer\" style=\"height: 22px;\" aria-hidden=\"true\">\u00a0<\/div>\n<details class=\"wp-block-details is-layout-flow wp-block-details-is-layout-flow\">\n<summary><strong>\u00bfPor qu\u00e9 su material es m\u00e1s econ\u00f3mico que en otras tiendas?<\/strong><\/summary>\n\n<p>Trabajamos directamente con proveedores y optimizamos costes log\u00edsticos, sentado a esto el packaging de los productos est\u00e1 con un estado correcto, lo que no afecta a los productos<\/p>\n<\/details>\n<div class=\"wp-block-spacer\" style=\"height: 22px;\" aria-hidden=\"true\">\u00a0<\/div>\n<details class=\"wp-block-details is-layout-flow wp-block-details-is-layout-flow\">\n<summary><strong>\u00bfQu\u00e9 ocurre si el producto no cumple mis expectativas?<\/strong><\/summary>\n\n<p>Dispone de un plazo de devoluci\u00f3n conforme a la normativa vigente, siempre que el producto est\u00e9 en perfecto estado.<\/p>\n<\/details>\n<div class=\"wp-block-spacer\" style=\"height: 19px;\" aria-hidden=\"true\">\u00a0<\/div>\n<hr class=\"wp-block-separator has-alpha-channel-opacity is-style-wide\" \/>\n<div class=\"wp-block-spacer\" style=\"height: 20px;\" aria-hidden=\"true\">\u00a0<\/div>\n\n<p><strong>Contacto<\/strong>\ud83d\udcde<\/p>\n\n<p>Si tienes m\u00e1s preguntas, puedes escribirnos a:<br \/>WhastApp: 000 00 00 00<\/p>\n\n<div class=\"wp-block-spacer\" style=\"height: 59px;\" aria-hidden=\"true\">\u00a0<\/div>\n\n<p>\u00a0<\/p>\n\t\t\t\t\t\t\t\t<\/div>\n\t\t\t\t\t<\/div>\n\t\t\t\t<\/div>\n\t\t\t\t<\/div>\n\t\t","protected":false},"excerpt":{"rendered":"<p>Preguntas Frecuentes (FAQ) Contacto\ud83d\udcde Si tienes m\u00e1s preguntas, puedes escribirnos a:WhastApp: 000 00 00 00 \u00a0<\/p>\n","protected":false},"author":1,"featured_media":0,"parent":0,"menu_order":0,"comment_status":"closed","ping_status":"closed","template":"","meta":{"footnotes":""},"class_list":["post-1231","page","type-page","status-publish","hentry"],"yoast_head":"<!-- This site is optimized with the Yoast SEO plugin v27.4 - https:\/\/yoast.com\/product\/yoast-seo-wordpress\/ -->\n<title>FAQS - Tanzo Sport<\/title>\n<meta name=\"robots\" content=\"index, follow, max-snippet:-1, max-image-preview:large, max-video-preview:-1\" \/>\n<link rel=\"canonical\" href=\"https:\/\/tanzosport.es\/?page_id=1231\" \/>\n<meta property=\"og:locale\" content=\"es_ES\" \/>\n<meta property=\"og:type\" content=\"article\" \/>\n<meta property=\"og:title\" content=\"FAQS - Tanzo Sport\" \/>\n<meta property=\"og:description\" content=\"Preguntas Frecuentes (FAQ) Contacto\ud83d\udcde Si tienes m\u00e1s preguntas, puedes escribirnos a:WhastApp: 000 00 00 00 \u00a0\" \/>\n<meta property=\"og:url\" content=\"https:\/\/tanzosport.es\/?page_id=1231\" \/>\n<meta property=\"og:site_name\" content=\"Tanzo Sport\" \/>\n<meta property=\"article:modified_time\" content=\"2026-03-19T15:33:16+00:00\" \/>\n<meta name=\"twitter:card\" content=\"summary_large_image\" \/>\n<meta name=\"twitter:label1\" content=\"Tiempo de lectura\" \/>\n\t<meta name=\"twitter:data1\" content=\"1 minuto\" \/>\n<script type=\"application\/ld+json\" class=\"yoast-schema-graph\">{\"@context\":\"https:\\\/\\\/schema.org\",\"@graph\":[{\"@type\":\"WebPage\",\"@id\":\"https:\\\/\\\/tanzosport.es\\\/?page_id=1231\",\"url\":\"https:\\\/\\\/tanzosport.es\\\/?page_id=1231\",\"name\":\"FAQS - Tanzo Sport\",\"isPartOf\":{\"@id\":\"https:\\\/\\\/tanzosport.es\\\/#website\"},\"datePublished\":\"2026-03-03T07:59:38+00:00\",\"dateModified\":\"2026-03-19T15:33:16+00:00\",\"breadcrumb\":{\"@id\":\"https:\\\/\\\/tanzosport.es\\\/?page_id=1231#breadcrumb\"},\"inLanguage\":\"es\",\"potentialAction\":[{\"@type\":\"ReadAction\",\"target\":[\"https:\\\/\\\/tanzosport.es\\\/?page_id=1231\"]}]},{\"@type\":\"BreadcrumbList\",\"@id\":\"https:\\\/\\\/tanzosport.es\\\/?page_id=1231#breadcrumb\",\"itemListElement\":[{\"@type\":\"ListItem\",\"position\":1,\"name\":\"Portada\",\"item\":\"https:\\\/\\\/tanzosport.es\\\/\"},{\"@type\":\"ListItem\",\"position\":2,\"name\":\"FAQS\"}]},{\"@type\":\"WebSite\",\"@id\":\"https:\\\/\\\/tanzosport.es\\\/#website\",\"url\":\"https:\\\/\\\/tanzosport.es\\\/\",\"name\":\"Tanzo Sport\",\"description\":\"By Young For Young\",\"publisher\":{\"@id\":\"https:\\\/\\\/tanzosport.es\\\/#organization\"},\"potentialAction\":[{\"@type\":\"SearchAction\",\"target\":{\"@type\":\"EntryPoint\",\"urlTemplate\":\"https:\\\/\\\/tanzosport.es\\\/?s={search_term_string}\"},\"query-input\":{\"@type\":\"PropertyValueSpecification\",\"valueRequired\":true,\"valueName\":\"search_term_string\"}}],\"inLanguage\":\"es\"},{\"@type\":\"Organization\",\"@id\":\"https:\\\/\\\/tanzosport.es\\\/#organization\",\"name\":\"Tanzo Sport\",\"url\":\"https:\\\/\\\/tanzosport.es\\\/\",\"logo\":{\"@type\":\"ImageObject\",\"inLanguage\":\"es\",\"@id\":\"https:\\\/\\\/tanzosport.es\\\/#\\\/schema\\\/logo\\\/image\\\/\",\"url\":\"https:\\\/\\\/www.tanzosport.es\\\/wp-content\\\/uploads\\\/2026\\\/01\\\/logo-sport-edited.png\",\"contentUrl\":\"https:\\\/\\\/www.tanzosport.es\\\/wp-content\\\/uploads\\\/2026\\\/01\\\/logo-sport-edited.png\",\"width\":648,\"height\":365,\"caption\":\"Tanzo Sport\"},\"image\":{\"@id\":\"https:\\\/\\\/tanzosport.es\\\/#\\\/schema\\\/logo\\\/image\\\/\"}}]}<\/script>\n<!-- \/ Yoast SEO plugin. -->","yoast_head_json":{"title":"FAQS - Tanzo Sport","robots":{"index":"index","follow":"follow","max-snippet":"max-snippet:-1","max-image-preview":"max-image-preview:large","max-video-preview":"max-video-preview:-1"},"canonical":"https:\/\/tanzosport.es\/?page_id=1231","og_locale":"es_ES","og_type":"article","og_title":"FAQS - Tanzo Sport","og_description":"Preguntas Frecuentes (FAQ) Contacto\ud83d\udcde Si tienes m\u00e1s preguntas, puedes escribirnos a:WhastApp: 000 00 00 00 \u00a0","og_url":"https:\/\/tanzosport.es\/?page_id=1231","og_site_name":"Tanzo Sport","article_modified_time":"2026-03-19T15:33:16+00:00","twitter_card":"summary_large_image","twitter_misc":{"Tiempo de lectura":"1 minuto"},"schema":{"@context":"https:\/\/schema.org","@graph":[{"@type":"WebPage","@id":"https:\/\/tanzosport.es\/?page_id=1231","url":"https:\/\/tanzosport.es\/?page_id=1231","name":"FAQS - Tanzo Sport","isPartOf":{"@id":"https:\/\/tanzosport.es\/#website"},"datePublished":"2026-03-03T07:59:38+00:00","dateModified":"2026-03-19T15:33:16+00:00","breadcrumb":{"@id":"https:\/\/tanzosport.es\/?page_id=1231#breadcrumb"},"inLanguage":"es","potentialAction":[{"@type":"ReadAction","target":["https:\/\/tanzosport.es\/?page_id=1231"]}]},{"@type":"BreadcrumbList","@id":"https:\/\/tanzosport.es\/?page_id=1231#breadcrumb","itemListElement":[{"@type":"ListItem","position":1,"name":"Portada","item":"https:\/\/tanzosport.es\/"},{"@type":"ListItem","position":2,"name":"FAQS"}]},{"@type":"WebSite","@id":"https:\/\/tanzosport.es\/#website","url":"https:\/\/tanzosport.es\/","name":"Tanzo Sport","description":"By Young For Young","publisher":{"@id":"https:\/\/tanzosport.es\/#organization"},"potentialAction":[{"@type":"SearchAction","target":{"@type":"EntryPoint","urlTemplate":"https:\/\/tanzosport.es\/?s={search_term_string}"},"query-input":{"@type":"PropertyValueSpecification","valueRequired":true,"valueName":"search_term_string"}}],"inLanguage":"es"},{"@type":"Organization","@id":"https:\/\/tanzosport.es\/#organization","name":"Tanzo Sport","url":"https:\/\/tanzosport.es\/","logo":{"@type":"ImageObject","inLanguage":"es","@id":"https:\/\/tanzosport.es\/#\/schema\/logo\/image\/","url":"https:\/\/www.tanzosport.es\/wp-content\/uploads\/2026\/01\/logo-sport-edited.png","contentUrl":"https:\/\/www.tanzosport.es\/wp-content\/uploads\/2026\/01\/logo-sport-edited.png","width":648,"height":365,"caption":"Tanzo Sport"},"image":{"@id":"https:\/\/tanzosport.es\/#\/schema\/logo\/image\/"}}]}},"_links":{"self":[{"href":"https:\/\/www.tanzosport.es\/index.php?rest_route=\/wp\/v2\/pages\/1231","targetHints":{"allow":["GET"]}}],"collection":[{"href":"https:\/\/www.tanzosport.es\/index.php?rest_route=\/wp\/v2\/pages"}],"about":[{"href":"https:\/\/www.tanzosport.es\/index.php?rest_route=\/wp\/v2\/types\/page"}],"author":[{"embeddable":true,"href":"https:\/\/www.tanzosport.es\/index.php?rest_route=\/wp\/v2\/users\/1"}],"replies":[{"embeddable":true,"href":"https:\/\/www.tanzosport.es\/index.php?rest_route=%2Fwp%2Fv2%2Fcomments&post=1231"}],"version-history":[{"count":6,"href":"https:\/\/www.tanzosport.es\/index.php?rest_route=\/wp\/v2\/pages\/1231\/revisions"}],"predecessor-version":[{"id":2347,"href":"https:\/\/www.tanzosport.es\/index.php?rest_route=\/wp\/v2\/pages\/1231\/revisions\/2347"}],"wp:attachment":[{"href":"https:\/\/www.tanzosport.es\/index.php?rest_route=%2Fwp%2Fv2%2Fmedia&parent=1231"}],"curies":[{"name":"wp","href":"https:\/\/api.w.org\/{rel}","templated":true}]}}